72. Let c = o + j. What are the prime factors of c?
2, 3, 5
Suppose 199 = -3*c - 0*r + r, -5*c + 4*r = 334. Let k = 150 + -48. Let f = c + k. What are the prime factors of f?
2, 3
Let w(i) = -i**2 - i + 21. Let g be w(0). Suppose 5*y = -m + 42, 2*m + 4*y = 99 - g. List the prime factors of m.
37
Suppose 2*z - 1502 - 104 = 0. List the prime factors of z.
11, 73
Suppose 0 = -9*x + 12*x - 9. Suppose x = -7*q - 4. List the prime factors of (q/2)/(9/(-90)).
5
Let g = 29 - 21. Suppose -g*n + 345 = -3*n. What are the prime factors of n?
3, 23
Let d = 22 - 20. Suppose 2*s + 21 = 3*g, -s + 35 = -d*g + 7*g. Suppose -g*z + 60 = -6*z. What are the prime factors of z?
2, 3, 5
Let c be 2/(((-4)/80)/(-1)). Let w be c/(-32)*(-2 - 2). Suppose -59 = -2*y - 3*p, 0*p = -2*y - w*p + 65. List the prime factors of y.
5
Let g = 291 - 73. Suppose 17 = -8*t - 31. List the prime factors of t/42 - g/(-7).
31
Let d(a) = 2*a. Let q be d(1). Suppose 0 = -q*v + 13 - 5. Suppose -v*j = 3*j - 266. List the prime factors of j.
2, 19
What are the prime factors of ((-12016)/(-6))/((-208)/(-24) - 8)?
2, 751
Let r = -182 - -398. Let s be 20/3*r/60. Suppose -s = -f - f. List the prime factors of f.
2, 3
What are the prime factors of (-11361)/6*-8*(-6)/(-84)?
2, 541
Let m = 34 + -165. Let j = 195 + m. What are the prime factors of j?
2
Let q(t) = -t - 1. Let u = -5 - -8. Let n be q(u). Let y = 16 + n. What are the prime factors of y?
2, 3
What are the prime factors of (-99195)/170*2*-1?
3, 389
Let m be (1/(-3))/((-2)/6 + 0). What are the prime factors of -3 + (3 + m)/4 + 42?
2, 5
Let b = 957 + -286. List the prime factors of b.
11, 61
Let s(l) = -l**3 - 31*l**2 + 73*l - 64. What are the prime factors of s(-34)?
2, 461
Let j = -18 + 18. Suppose 0 = -j*v - 3*v. Suppose -4*g - 5*n + 160 = v, -5*n + 3*n + 80 = 2*g. List the prime factors of g.
2, 5
Let g(b) = 19*b**2 - 92*b - 2. List the prime factors of g(5).
13
Suppose j - 4*p = 24, -3*j + 100 = 2*p - 0*p. Suppose -2*i + 54 + j = 0. What are the prime factors of i?
43
Suppose 28*p - 94020 = -32*p. What are the prime factors of p?
1567
What are the prime factors of 2 - (-108 - 3)/(1/33)?
5, 733
Let i(f) = 3*f**2 - 7*f - 6. Let q be i(8). Suppose x - 20 = 2*r + 11, 5*x - 5*r = q. Suppose -k = -2*k + x. List the prime factors of k.
3, 7
Let n be -10 - (20 - 4)/(-4). Let o be (-56)/(-12)*(-9)/n. Suppose -o*f + 107 = 4*t - 2*f, 4*f - 24 = -t. List the prime factors of t.
2, 7
Suppose 4*r - 113 = -2*t - t, -2*t - 3*r + 75 = 0. Suppose -5*h + t = -6. What are the prime factors of h?
3
Let x = -858 - -1517. Let n = -450 + x. List the prime factors of n.
11, 19
Suppose 3*t = -u + 229, 0 = 4*u - 5*t - 203 - 645. List the prime factors of u.
7, 31
Let j(b) = 3*b + 0*b + b + 2*b**2 - 4 + 0*b - b**3. Let u = 206 - 210. List the prime factors of j(u).
2, 19
Let z(h) = -h**3 + 2*h**2 + 4*h - 4. Let y be z(2). Suppose 8 = y*o, 0*o + 977 = 5*t - 4*o. What are the prime factors of t?
197
Let b(i) = -60*i**3 - 3*i**2 - 10*i - 3. List the prime factors of b(-3).
2, 3, 5
Let v = -17 - -20. Let l(a) = -3*a**3 + 10 - 12*a**2 + v*a**3 + 9 + 13*a - a**3. What are the prime factors of l(-13)?
19
Let m = 37 + -79. Let r = m + 14. What are the prime factors of 3*4/(-16)*r?
3, 7
Let j = -17 + -2. Let f = j - -10. What are the prime factors of (-2)/3 + (-330)/f?
2, 3
Let c = -10 + 29. Let a be (-380)/c*(-6 + 1). Let u = 147 - a. What are the prime factors of u?
47
Let w(p) = p**3 + 11*p**2 + p + 7. Let i be w(-8). Let c = i - 39. What are the prime factors of c?
2, 19
Let k be (-78)/(-8) - (-2)/8. Suppose -k = -n + 2*j, 2*n - 4*j - 12 = -2*j. Suppose -2*w + 2*o = 6*o - 24, -6 = n*o. List the prime factors of w.
2, 3
Suppose -5*k = -4*h - 32, -3*h + 0*k - 24 = 5*k. Let d = -12 - h. Let r(t) = -2*t - 6. List the prime factors of r(d).
2
Let z = -5 + 11. Let p be 114/(-24) + z/8. Let v = p + 14. What are the prime factors of v?
2, 5
Let s = -229 + 335. What are the prime factors of 1/(-3) - 2/(-6)*s?
5, 7
Let o(t) = 2*t + 33. Let m be o(-10). Suppose -269 + m = -2*a. What are the prime factors of a?
2
Suppose -3*g + 106 = -203. Let a = g - -77. What are the prime factors of a?
2, 3, 5
Suppose -3*p + 5*p - 814 = -2*x, -p = -2*x - 392. What are the prime factors of p?
2, 3, 67
Suppose o + 4*w - 14 = 0, -o + 3*o + 4*w = 48. What are the prime factors of o?
2, 17
Let g(f) = 7*f - 13*f + 18 + 16*f**2 - f**3 - 10*f. Let x be g(15). Suppose -6*z = -2*z + 3*y - 76, -3*z + x*y = -78. What are the prime factors of z?
2, 11
Let k(b) = -5*b + 8. Let v be k(5). Let d = 1 - v. List the prime factors of d.
2, 3
Let t = -25 + 32. Let b(u) = 8*u - 17. What are the prime factors of b(t)?
3, 13
Let p be (22 - 2)/(-2 - -4). Let r = p + 109. What are the prime factors of r?
7, 17
Suppose -3*d = -3 - 6. Let m be (d/5)/(5/25). Suppose c + 5*f = 14, m*f + 4 = 1. What are the prime factors of c?
19
Let q(j) be the first derivative of -j**2/2 + 7*j + 7. Let f be q(5). Suppose 4*m - 4*p = 112, 5*m + 6*p - 176 = f*p. What are the prime factors of m?
2
Let g = -135 + 293. Let n = 202 - g. List the prime factors of n.
2, 11
Suppose 3*z - 6 = 6. Let b be 10/z*20/25. List the prime factors of 7 + (b - 1)*2.
3
Suppose 2*i + v = 35, -i - 3*v + 17 = 2. List the prime factors of (-2320)/(-9) - 1/i*-4.
2, 3, 43
Suppose -52 = -6*w + 2*w. Let q = w - 7. Suppose j = -2 + q. List the prime factors of j.
2
Let a(q) = -24*q + 4. Let z be a(1). List the prime factors of 80/6*(-150)/z.
2, 5
Let q(y) = 16*y**2 + 15*y - 35. What are the prime factors of q(2)?
59
Suppose 24*a = 34*a - 57350. List the prime factors of a.
5, 31, 37
Suppose 0 = -6*t + t + 2*n + 3445, 2723 = 4*t + 5*n. List the prime factors of t.
3, 229
Let g(b) = 2*b**2 + 6*b - 5. Let k(p) = 2*p**2 + 6*p - 4. Let h be (-12 + 14)*1*-1. Let w(q) = h*g(q) + 3*k(q). List the prime factors of w(-5).
2, 3
Suppose -2*x - 2*x = 5*n - 22, -5*x = n - 17. Suppose 2*g = -n*g + 12. Suppose -p + g = -12. What are the prime factors of p?
3, 5
Let z(x) = -x + 2. Let f be z(-3). Let p = -764 + 766. Suppose p*v + f*u - 24 = 54, 0 = -2*u. What are the prime factors of v?
3, 13
Let p be (18 - 9)/3*5/3. Suppose -2*j = -j. Suppose -5*m + p*b = -270, 0 = m - j*m + 2*b - 39. List the prime factors of m.
7
Let q(h) = h**3 + 16*h**2 + 8*h - 11. Let g be q(-16). Suppose -4*b + b + 2*y = 289, 2*b + 180 = -5*y. Let f = b - g. List the prime factors of f.
2, 11
Let m be (18/(-15))/(4/(-590)). Suppose 19*c - 22*c + m = 0. What are the prime factors of c?
59
Let p be (-74)/12 + 11/66. Let y = 15 + p. What are the prime factors of y?
3
List the prime factors of (1 + (30/(-4) - -6))*-8218.
7, 587
What are the prime factors of 402*(-6)/(-12)*(3 - -2)?
3, 5, 67
Suppose -3*n = -4*n - 4*d + 959, -5*d = 5. List the prime factors of n.
3, 107
Let z(y) = -152*y**3 - 5*y**2 + 9. What are the prime factors of z(-2)?
5, 241
Let w = 45 + -147. Let y(z) = z**3 + z**2 - z - 145. Let b be y(0). Let m = w - b. List the prime factors of m.
43
Let c(h) = -h + 6. Let o be ((-24)/(-9) + -2)*-12. Let q be c(o). Suppose -70 = -2*s - q. List the prime factors of s.
2, 7
Let j(y) = 542*y**3 - y**2. List the prime factors of j(1).
541
Let w(q) = -23*q - 7. Let p be w(8). Let c = -94 - p. What are the prime factors of c?
97
Let p(f) = 3*f**2. Let c be p(2). Suppose -17*d + 270 = -c*d. Suppose -n + j + 40 = 0, -d = -n + 4*j - 2. List the prime factors of n.
2, 3
Let f(r) = -r**2 + 7*r - 2. Let h be f(6). Suppose 0 = h*x + 4, 4*x + 189 = 2*j - x. List the prime factors of j.
2, 23
Suppose k - 13 - 58 = -2*g, 0 = 4*k + 12. Suppose 103 + 182 = 5*m. Let s = m - g. List the prime factors of s.
2, 5
Suppose -m - 8 + 13 = 0. Suppose 134 - 629 = -m*i. List the prime factors of i.
3, 11
Let g(o) = 2*o**2 + 4*o - 20. Let b be g(4). Let f = -2 - -5. Suppose -f*p = -7*p + b. What are the prime factors of p?
7
Suppose 21*w = 3*w + 54. Suppose 338 + 19 = w*q. What are the prime factors of q?
7, 17
Let v(r) = -7*r**3 - 10*r**2 + 4*r + 20. Let g(f) = f**3 + f**2 - f - 2. Let n(w) = -6*g(w) - v(w). What are the prime factors of n(5)?
227
Let w(x) = 74*x + 151. List the prime factors of w(21).
5, 11, 31
Let t(y) = y - 1. Let r(f) = -7*f - 2 + 6 + 12 + 1. Let w(z) = r(z) + 4*t(z). What are the prime factors of w(-11)?
2, 23